ive l(n).
-2
Let a(y) = 2*y + 10. Let x be (-3 - 1)*(1 + (-2)/4). Let p be (16/3)/x*3. Determine a(p).
-6
Let j(k) = -k**2 - 6*k - 1. Let w = 37 + -25. Let s(l) = 11*l**2 + 65*l - 2. Let d be s(-6). Suppose -d*r - 8 - w = 0. Calculate j(r).
4
Let o(c) = 6 - 6*c + 2*c**2 + 2*c + c**3 - 5*c**2. Let k = 32 + -19. Suppose 4*y - 3 = k. Determine o(y).
6
Let k(u) = u**3 + u**2 - u - 1. Let n(h) = -6*h - 2*h**3 - 6 + h**3 + 4*h**2 + 2*h**2. Let c(f) = -5*k(f) + n(f). Suppose 4651 = 6*s + 4657. Calculate c(s).
7
Let b = -23 + 16. Let y(j) = 2*j + 3. Let g(x) = -5*x - 8. Suppose -4*p = 4*p + 24. Let m(d) = p*g(d) - 8*y(d). Calculate m(b).
7
Let v(x) = -x**2 + 19*x + 152. Let p be v(25). Let a(s) = 2*s + 5. Let l(q) = -6*q - 14. Let f(c) = 17*a(c) + 6*l(c). Determine f(p).
-3
Let z(c) be the second derivative of 0 + 26*c + 1/6*c**3 - 4*c**2. What is z(6)?
-2
Let s be (40/(-15))/((-2)/3). Let x(z) = 7*z**2 - 11*z + 1. Let t(u) = 15*u**2 - 23*u + 2. Let v(p) = -6*t(p) + 13*x(p). Determine v(s).
-3
Let c(q) = q**2 + 0*q + 10 - 10*q + 0*q**2 + 2*q. Let g be (-6 - 3/(-3))*5. Let a = -18 - g. What is c(a)?
3
Let u(i) = -1. Let a(j) = j + 7. Let s(r) = -r - 7. Let z(t) = 3*a(t) + 4*s(t). Let h(o) = -4*u(o) + z(o). Determine h(5).
-8
Let r(t) = 18*t + 104. Let p be r(-7). Let y(c) = -c**3 - 23*c**2 - 18*c + 88. Determine y(p).
0
Let i(v) = 3*v - 13. Let j(m) = -2*m + 11. Let f(q) = -4*i(q) - 5*j(q). Calculate f(-2).
1
Suppose 2*c - 48 = -c. Let b = 20 - c. Suppose -b*q + f + 25 = 0, 0*f = f + 1. Let j(x) = -x + 6. Give j(q).
0
Let t(d) = -d**3 - d**2. Let o be (2 - 2)*(-2)/(-4)*-1. Suppose -x + 4*p + 12 = o, -2*x + 3 = -p - 0. Give t(x).
0
Let j(s) = 3*s**3 + s**2 - s - 1. Let m be j(-1). Let r(u) be the first derivative of 2*u**3/3 - u**2/2 - 2*u - 422. Determine r(m).
8
Let l(d) = -1 + d**3 + 5*d**3 + 0 + 2*d**2. Let n be -14*(1 + (-108)/8). Suppose 0 = n*p - 173*p + 2. Calculate l(p).
-5
Let l = 1266 - 1260. Let j(m) be the second derivative of 2/3*m**3 - l*m + 1/12*m**4 + m**2 + 0. Calculate j(-5).
7
Let i(z) = -z**3 - 9*z**2 - 8*z - 7. Let o(m) = -m - 12. Let n be o(-4). Calculate i(n).
-7
Let c(y) = y**3 + 4*y**2 + 4*y - 1. Let j be c(-3). Let x(f) = -4*f**3 + 2*f**2 + f - 6. Let r(s) = -3*s**3 + s - 4. Let u(g) = 3*r(g) - 2*x(g). What is u(j)?
-4
Let z(g) = -89*g - 14*g**3 + 183*g - 94*g. Let w be 2/1*1/2. Give z(w).
-14
Suppose -4*i + 6*i - 2 = 2*b, -3*i = 9. Let a(g) = -g**3 - 7*g**2 - 5*g + 1. Calculate a(b).
-27
Let d(k) = 2*k - 17. Let j = 154 - 159. Calculate d(j).
-27
Let s(b) = b**3 - 2*b**2. Let m be s(3). Let j be 24*2/27 + 2/m. Let z(q) = -q**2 - 2*q + 2. Calculate z(j).
-6
Let v(k) = 8*k. Let s(l) = -2*l + 2. Let d(p) = s(p) + v(p). Give d(1).
8
Let t(p) = p**2 + 2*p + 2. Let b be (((-2)/3)/(-2))/(1/(-9)). Calculate t(b).
5
Let y(i) be the first derivative of -i**4/12 + i**3/6 - i**2 - 10*i - 4. Let k(b) be the first derivative of y(b). What is k(-3)?
-14
Let w(y) = -5*y + 14. Let q(z) = 8*z - 12. Let i(t) = -5*q(t) - 4*w(t). What is i(-3)?
64
Let l be ((-1 - 0)*5)/1. Let m(c) = c**3 + 11*c**2 + 4 + 41*c - 5*c**2 - 35*c. Give m(l).
-1
Let u be ((0 - -3) + -3)/(2/2). Let b(o) = o**3 - o**2 + o - 9. Determine b(u).
-9
Let t(u) = 3*u**2 + u + 1. Let c be 24/4 + -14 + 7. What is t(c)?
3
Let h(t) = -2*t - 32. Let w = -19 - -4. Let k be h(w). Let y(n) = 6*n + 3. Calculate y(k).
-9
Let z(t) = 3*t**2 - t - 2. Suppose 5*p = 49 - 9. Suppose 0 = p*b - 5*b - 2*w - 14, 10 = -3*b - 4*w. Give z(b).
8
Let r(k) = 3 + 0 + 115*k - 119*k + k**3 + 0 - 3*k**2. What is r(3)?
-9
Let s(d) = -d + 9 + 6 + 10 - 24. What is s(0)?
1
Let b(m) = -12*m**2 + 11*m**2 + 0 + 2. Let k = 9 - 4. Suppose -5*f + z = 6*z + k, -4*f = z - 5. Determine b(f).
-2
Let i(c) = -15*c - c**2 + 24*c - 4*c + 8. Suppose 30 = -9*o + 14*o. Determine i(o).
2
Let m(h) = 2*h**2 + h. Let r(g) = 33*g - 1. Let o(s) = -11*s. Let i(z) = 7*o(z) + 2*r(z). Let f be i(0). Calculate m(f).
6
Let s(i) be the second derivative of -i**5/20 + i**3/6 + 3*i**2/2 - 199*i. Calculate s(0).
3
Suppose -3*s - 2*s - 3 = -2*v, -3 = s. Let p(g) = -g**2 - 8*g - 5. Give p(v).
7
Suppose -2*o - 2*i + 3*i - 1 = 0, -2*i + 12 = o. Let y(w) be the second derivative of w**4/6 + w**3/3 - 3*w**2/2 - 2*w - 6. Give y(o).
9
Let c(d) be the third derivative of -d**7/5040 + d**6/720 + d**5/20 + 2*d**2. Let m(o) be the third derivative of c(o). Let l = -150 + 145. Give m(l).
6
Let i(r) be the second derivative of r**5/20 + r**4/3 - r**3 - 5*r**2/2 + r - 77. Let l be 0 - ((1 - -1) + 2). Let h be 20/(-6)*(-6)/l. Calculate i(h).
0
Let o(l) be the second derivative of 0 + 2*l**2 - 1/3*l**3 - 16*l. What is o(4)?
-4
Suppose -5*x + 12 = -x. Let s(c) = c**2 + x - c - 6*c + 3*c. Suppose k - 3*a = a + 15, k + 2*a = -3. What is s(k)?
0
Let t(b) be the first derivative of -9*b**5/20 + 5*b - 38. Let j(f) be the first derivative of t(f). Give j(-1).
9
Suppose -5*j = 3*c + 2*c - 495, -5*c = -3*j - 479. Let b(v) = v**3 - 14*v**2 + v - 11. Let d be b(14). Let t(a) = d - c*a + 98*a - 5. Determine t(6).
4
Let t(c) = 5*c - 1. Let h(n) = -10*n + 3. Suppose 0 = -5*l + 10, -4*l + 36 = 5*x - l. Suppose 0 = v, 5*q - x = 4*v + 19. Let z(u) = q*t(u) + 2*h(u). Give z(-1).
-4
Let c(v) = v**3 + 19*v**2 - 19*v + 25. Let d be c(-20). Let f(g) = -g + g + 3*g**2 + 0*g**2 + d*g + 1 - g**3. Calculate f(4).
5
Let r be (-41)/2*(-4)/6*3. Let l = -41 + r. Let v(c) = c - 11. What is v(l)?
-11
Let v = -63 - -65. Suppose x + 3 = 2*q, -2*q + v*x = -0*q - 2. Let f(a) = 4*a**2 - 1. What is f(q)?
15
Let o = 27 - 68. Let a = o + 40. Let w(u) be the third derivative of -5*u**4/12 + u**2. What is w(a)?
10
Let l(b) be the third derivative of b**5/60 + 3*b**4/8 + 3*b**3/2 + 2*b**2 + 7. What is l(-9)?
9
Let i(a) = -a**2 - 4. Let c(l) = -l. Let v(t) = -2*c(t) - i(t). Determine v(-4).
12
Let t(c) be the first derivative of -c**4/4 - 2*c**3/3 - c**2/2 + 157. Suppose 1 = 2*m + 5. Let i be m/(-4) - 5/2. Calculate t(i).
2
Let d(b) = b - 27. Let m be (-5)/(-13 - (-408)/32). What is d(m)?
-7
Let y = -109 + 110. Let h(o) = 14*o**3 - o. Give h(y).
13
Let n(l) = 5*l**3 - 5*l**2 - 3*l - 2. Let o(p) = 4*p**3 - 4*p**2 - 2*p - 2. Let k(q) = 3*n(q) - 4*o(q). Let m = -2 + 2. Calculate k(m).
2
Let a = -1 + 3. Let n = a - 0. Let r(i) = -8*i + 10*i + i - 2 - 3*i**2. Calculate r(n).
-8
Let h(g) = 1 + 15600*g + 1 - 15601*g. Give h(5).
-3
Let i(d) = d**2 - 1. Let w(g) = -5*g**2 - g + 3. Let z = 30 - 34. Let a(c) = z*i(c) - w(c). Let o be (4/(-10))/((-1)/(-5)). Calculate a(o).
3
Let l(m) = 3*m**2 + 0*m**3 + m**3 - 3 - 2*m + 0*m**2. Let h(a) be the second derivative of -a**4/6 + a**3/3 - 3*a**2/2 - 15*a. Let p be h(1). Calculate l(p).
3
Let m(r) be the second derivative of -r**3/6 + r**2 - 4*r. Let i be 2 + (-6)/(-9) + (-2)/3. What is m(i)?
0
Let w(s) = 4*s + 4. Let v = 0 + 0. Suppose 16*a - 12*a - 4 = v. Let t be a/(4/(-12))*-1. Determine w(t).
16
Suppose -342 + 292 = -10*j. Let o(n) = n**3 - 5*n**2 + 4. Give o(j).
4
Let b(w) = 3*w - 17. Let j be -4 + (48/(-32))/((-6)/40). Calculate b(j).
1
Let x(d) = 3*d**2 - 3*d - 4. Suppose 0 = -2*m - 45 + 35. Let h be 10*2/25 + (-11)/m. Give x(h).
14
Let y = -37 - 10. Let p = y + 54. Let g(c) = -4*c**3 + 8*c**2 - 8*c - 5. Let o(n) = -3*n**3 + 8*n**2 - 7*n - 6. Let h(i) = 2*g(i) - 3*o(i). Give h(p).
-6
Let v(w) = w + 2. Let s(j) = 5*j + 7. Let x(r) = -2*s(r) + 6*v(r). Determine x(-3).
10
Let t(m) = 402*m - 204*m - 2 - 199*m. What is t(5)?
-7
Let a(n) be the second derivative of 1/20*n**5 + 0 - 4*n - 7/6*n**3 - 1/2*n**4 - 3/2*n**2. Suppose 0 = -5*r - 73 + 108. What is a(r)?
-3
Let l(k) = -3*k**2 + 2*k + 5. Suppose 5*p + 6 = -3*j, 4*p = -40*j + 44*j + 8. Calculate l(j).
-11
Let w(z) = -z**3 + 5*z**2 - 5*z + 6. Let c be w(4). Let k(r) = 4 + r - 5*r**3 + c*r**2 - 2*r**2 + 4*r**3 + 3*r**2. What is k(4)?
-8
Let j(o) = o**3 + 5*o**2 + 5*o. Suppose -3*n + 3*a + 18 = 0, -3*n + 2*a + 22 = -0*a. Let f be (-6)/(-21)*(-24 + n). Determine j(f).
-4
Let c(s) = -s**2 + 4*s + 6. Let j be 2/(9/(-15) - -1). Let u be c(j). Let i(g) = 0*g + 4*g**2 - 1 - 3*g - u + 5*g + 2*g**3. Calculate i(-2).
-6
Suppose -4*b - 35 = 5*j, 14*j - 9*j = -3*b - 30. Let n(v) = v**2 - 3. Calculate n(j).
6
Let j be 6 - -8 - (2 + (0 - 0)). Let u(b) = j*b - 10*b + 15 - b + 1. What is u(0)?
16
Let d(t) = 3 - 2*t**2 - t**2 - 1 